ded by 13.
11
Let w(g) = -g**3 - 10*g**2 - 2*g - 8. Calculate the remainder when w(-10) is divided by 5.
2
Suppose k = -4*k. What is the remainder when 26 is divided by k - 18/4*-2?
8
Let y(i) = -i. Calculate the remainder when 16 is divided by y(-4).
0
Let i(j) = -2*j + 24. What is the remainder when i(7) is divided by 4?
2
Let i = -48 - -96. Calculate the remainder when i is divided by 17.
14
Calculate the remainder when 103 is divided by (0 - -2)/((-1)/(-13)).
25
Let a = 15 - 10. Suppose 0 = -4*x + 7 + 21. What is the remainder when x is divided by a?
2
Let l(u) = -16*u - 94. What is the remainder when l(-10) is divided by 372/16 - (-2)/(-8)?
20
Let p = 28 - 21. Let l(t) = t**2 - 7*t + 2. What is the remainder when l(9) is divided by p?
6
Suppose -3*t = 2*q - 12, 5*q = 5*t - 3 + 8. Let a(i) = 4*i**3 - 2*i**2 - 2. What is the remainder when a(t) is divided by 8?
6
Suppose -3 = a - 5. Suppose -3*b + 2*b = -a. Suppose -l - b*y = 0, -2*l + 5 = l + y. Calculate the remainder when 5 is divided by l.
1
Let q(x) = x**3 + 3*x**2 - 3*x + 5. Suppose -o - 7 = -3. Calculate the remainder when (4/6)/(4/12) is divided by q(o).
0
Let u(s) = -s**2 - s + 6. Calculate the remainder when u(0) is divided by ((-9)/(-6))/(3/6).
0
Suppose 0 = -2*y + 22 + 30. What is the remainder when y is divided by (2/(-3))/((-4)/42)?
5
Let p be (-12)/(-20) + 13/(-5). Let i = p - -2. Suppose k - 42 - 23 = i. What is the remainder when k is divided by 17?
14
Suppose 3*l - l - 70 = 0. What is the remainder when l is divided by 9?
8
Let j = -4 - -7. Suppose -7*y + 232 = -j*y. What is the remainder when y is divided by 15?
13
Calculate the remainder when (20/(-35))/(4/(-322)) is divided by 25.
21
Let c = 145 + -70. Calculate the remainder when c is divided by 38.
37
Let j(v) = -v**3 + 74. Let l be j(0). Suppose 2*f + 2*z - 2 - l = 0, 0 = 2*f - 4*z - 88. What is the remainder when f is divided by 14?
12
Let w = 3 - 2. Calculate the remainder when (0 + w)*29*1 is divided by ((-1)/3)/((-11)/495).
14
Let n(m) = -m**3 + m**2 - m + 9. Let v = 15 + -15. Calculate the remainder when n(v) is divided by 3.
0
Let a = -4 + 8. Suppose -2*d = h - 10, -h - 2*h + a*d - 10 = 0. Suppose -h*j = 6 - 20. What is the remainder when 12 is divided by j?
5
Suppose 2*c - 24 = -6. Calculate the remainder when 52 is divided by c.
7
Let r = -8 + 11. Suppose -r*n - 5*g + 35 = 0, 0 = -5*n + 2*g + 11 + 68. What is the remainder when -14*(0 - 0 - 2) is divided by n?
13
Let g = 6 - 0. Calculate the remainder when 34 is divided by g.
4
Let v = -2 + 0. What is the remainder when 1*2/v*-17 is divided by 6?
5
Suppose 0 = -10*q + 5*q + 315. Calculate the remainder when q is divided by 22.
19
Let a = 112 + -57. Let n = 61 - 19. What is the remainder when a is divided by -2 - n/(4/(-2))?
17
Suppose u = -3 + 7. Suppose 5*v = 3*v - 5*x + 92, -3*x - 158 = -u*v. What is the remainder when v is divided by 22?
19
Let j be 10*(-3)/12*2. Let k = -3 - j. Suppose 3*n + k*w - 27 = 0, 0 = -w - 3*w. What is the remainder when 16 is divided by n?
7
Let t(c) = c**2 + 6*c - 6. What is the remainder when 26 is divided by t(-8)?
6
Suppose 4*y - 32 = -6*t + 2*t, -2*t + 25 = 5*y. Let m = 2 - y. Let w = m + 18. Calculate the remainder when 65 is divided by w.
14
Let z(s) = 9*s**2 - s - 2. Let q(f) = 19*f**2 - 2*f - 5. Let k(m) = -2*q(m) + 5*z(m). Calculate the remainder when 21 is divided by k(1).
3
Let z = 36 - -129. Suppose -3*p = d + 17, -3*p - 3*d - 2 = -5*d. Calculate the remainder when z/10 + 6/p is divided by 8.
7
Let l = -2 - -14. Let h be (-1)/4 + (-33)/l. Calculate the remainder when (13/h)/((-1)/6) is divided by 9.
8
Suppose a - i = 5, i = 2*a + a - 23. What is the remainder when 30 is divided by a?
3
What is the remainder when 20*(0 - 48/(-15)) + 1 is divided by 14?
9
Suppose 142 = 2*m + 12. Calculate the remainder when m is divided by 18.
11
Let a = -76 - -110. Calculate the remainder when a is divided by 20.
14
Suppose 4*l = -3*h + 19, -9*l + 6*l - h + 8 = 0. Let o(k) = 3*k - 1. Calculate the remainder when o(1) is divided by l.
0
Let z = -3 - -7. Suppose 3*t = z*r + 5 + 21, 0 = -2*t + r + 9. Suppose -l = t*l - 60. What is the remainder when l is divided by 7?
6
Suppose 0 = -p - u - 5, -4*u + 5 = -p + u. Let g(i) = i**3 + 4*i**2 - 6*i. What is the remainder when 8 is divided by g(p)?
3
Let m = 45 + -40. Calculate the remainder when 9 is divided by m.
4
Let w(s) = 7*s - 1. Calculate the remainder when w(4) is divided by 7.
6
Let o(p) = p**2 - 5*p + 9. Let i be o(5). Suppose 3*u = i, 4*u = -5*g - u + 105. What is the remainder when 69 is divided by g?
15
Let j = 36 + -26. Let d(c) = -c**2 + 8*c - 1. Calculate the remainder when j is divided by d(7).
4
Suppose 4*x = -5*x + 261. Calculate the remainder when x is divided by 12.
5
Suppose 5*g = 14 + 26. Calculate the remainder when g is divided by 3.
2
What is the remainder when 10 is divided by 0 - (-6)/2*1?
1
Suppose -36 = -m - 2*m. Suppose 0 = 4*u + 3*f + 2*f - 170, 4*u + 4*f = 172. Calculate the remainder when u is divided by m.
9
Let q(i) = -i**2 - 5*i - 1. Let k = -3 + 4. Let n be -7 + 2 - (-4 + k). What is the remainder when q(n) is divided by 3?
2
Suppose h - 5 = -h + r, 2*h + r - 3 = 0. What is the remainder when 3 is divided by h?
1
Suppose 149 = 4*b - 99. Calculate the remainder when b is divided by 13.
10
Calculate the remainder when (66/4)/1 - 12/(-24) is divided by 10.
7
Let d(z) be the third derivative of z**4/6 + 5*z**3/6 + z**2. Suppose 5*c - 21 = 29. What is the remainder when d(6) is divided by c?
9
Let q = 115 + -78. Suppose 2*u + 39 = 5*u. Calculate the remainder when q is divided by u.
11
Suppose z = -4*y - 14, -5*z - 4*y - 8 = -3*z. Let d(u) = -u - 9. Let s be d(0). Let j = 25 + s. Calculate the remainder when j is divided by z.
4
Suppose 104 = 2*a + 5*d, -5*d = 3*a + 2*a - 260. What is the remainder when a is divided by 25?
2
Suppose -95 = -s - 2*t - 20, 4*t + 63 = s. What is the remainder when s is divided by 18?
17
Suppose -2*d - d = 0. Suppose 3*l = 15, -f - l - l + 51 = d. What is the remainder when f is divided by 11?
8
Let q(f) = -f**3 + 5*f**2 + 3*f - 7. Let k = 5 + 0. Calculate the remainder when 14 is divided by q(k).
6
Let m be (-11 - -13)/(1/1). What is the remainder when 54 is divided by 0 + m + 0 - -9?
10
Let b = 35 + -20. What is the remainder when (-191)/(-7) - 12/42 is divided by b?
12
Let n(f) = -f**3 + 5*f**2 + 5*f + 4. Let z be n(6). Let m = 80 - 68. What is the remainder when (-22)/(z + (2 - 1)) is divided by m?
10
Suppose 3*m - 56 - 16 = 0. Suppose 2*b + 0 = m. Let c = 20 - b. Calculate the remainder when c is divided by 5.
3
Let d = 168 - 136. What is the remainder when 158 is divided by d?
30
Let y = -67 - -102. What is the remainder when 69 is divided by y?
34
Let g be (1/(-3))/((-1)/6). What is the remainder when 79 is divided by (3/g)/((-6)/(-108))?
25
Let z = -2 - -1. Let i be 1*z*(43 + -4). Let q = i + 63. What is the remainder when q is divided by 13?
11
Let m(b) = -b + 4. Let o be m(4). Suppose o*h - 37 = -h. Calculate the remainder when h is divided by 13.
11
Let o = 106 - 76. Let c(b) = -b**3 - b + 11. What is the remainder when o is divided by c(0)?
8
Suppose 5*v + 3*b - 2*b - 224 = 0, 5*v - 220 = -5*b. Calculate the remainder when v is divided by 24.
21
Let n(a) = a**3 + 7*a**2 - 5*a - 10. What is the remainder when 98 is divided by n(-7)?
23
Suppose 0 = -y + 2. Suppose 0 = -2*r - y*r + 52. What is the remainder when (-6)/1*34/(-4) is divided by r?
12
Suppose 0 = 5*z - z + 4, c + 4*z - 46 = 0. Calculate the remainder when 96 is divided by c.
46
Let h(d) = -6*d - 1. Let i(w) = -w**3 + 6*w**2 - 4*w - 6. Let v be i(5). Suppose l - 14 = -0*l. What is the remainder when l is divided by h(v)?
4
Let m(r) = -12*r - 11. Calculate the remainder when 74 is divided by m(-3).
24
Let x = -54 - -71. Calculate the remainder when 62 is divided by x.
11
Let j be (6/(-5))/((-6)/(-40)). Let b(h) = -h**2 - 9*h - 3. Calculate the remainder when 22 is divided by b(j).
2
Suppose 5*l - 113 = -18. What is the remainder when l is divided by 11?
8
Let f(m) = m**3 - 3*m**2 - m + 3. Let d be f(3). Suppose d*u = 4*u - 4. Let y = 3 + u. Calculate the remainder when 7 is divided by y.
3
Calculate the remainder when 10/(-4)*56/(-28) is divided by 3.
2
Let d